{"id":6,"date":"2010-03-05T15:36:08","date_gmt":"2010-03-05T14:36:08","guid":{"rendered":"http:\/\/www.konstensvecka.se\/blogg\/?page_id=2"},"modified":"2025-10-28T14:26:01","modified_gmt":"2025-10-28T13:26:01","slug":"om","status":"publish","type":"page","link":"https:\/\/konstensvecka.se\/","title":{"rendered":"Konstens Vecka"},"content":{"rendered":"<h2>Om Konstens Vecka<\/h2>\n<p><strong>Konstens Vecka \u00e4r en riksomfattande konsth\u00e4ndelse som \u00e4ger rum vecka 40 varje \u00e5r. Det \u00e4r en vecka d\u00e5 Riksf\u00f6rbundet Sveriges Konstf\u00f6reningar skapar extra uppm\u00e4rksamhet kring konsten i hela landet och inspirerar konstf\u00f6reningar och andra akt\u00f6rer till att presentera konst i nya och intressev\u00e4ckande former. Tillsammans har vi f\u00f6rm\u00e5gan att sprida kunskap och engagemang f\u00f6r konst till en bred publik.<\/strong><\/p>\n<h2># &#8211; tagga oss<\/h2>\n<p>Du hittar Konstens Vecka under taggen #konstensvecka<\/p>\n<h2>Historik och bakgrundsfakta<\/h2>\n<p><a href=\"http:\/\/konstensvecka.se\/wp-content\/uploads\/2022\/09\/kvcollage.png\"><img loading=\"lazy\" decoding=\"async\" class=\"wp-image-1055 alignright\" src=\"http:\/\/konstensvecka.se\/wp-content\/uploads\/2022\/09\/kvcollage.png\" alt=\"\" width=\"678\" height=\"446\" srcset=\"https:\/\/konstensvecka.se\/wp-content\/uploads\/2022\/09\/kvcollage.png 825w, https:\/\/konstensvecka.se\/wp-content\/uploads\/2022\/09\/kvcollage-300x197.png 300w, https:\/\/konstensvecka.se\/wp-content\/uploads\/2022\/09\/kvcollage-768x505.png 768w\" sizes=\"auto, (max-width: 678px) 100vw, 678px\" \/><\/a>Konstens Vecka arrangerades f\u00f6r f\u00f6rsta g\u00e5ngen 1985 i Sverige. Som f\u00f6rlaga anv\u00e4nde man den internationella konstveckan som hade startat n\u00e5gra \u00e5r tidigare av UNESCO-organisationen IAA (International Association of Art). Man ville med den internationella konstveckan rikta uppm\u00e4rksamheten p\u00e5 bildkonsten runt om i v\u00e4rlden men \u00e4ven hj\u00e4lpa konstn\u00e4rer som levde i\u00a0 t ex totalit\u00e4ra stater och ge dem en m\u00f6jlighet att visa upp sin konst i olika sammanhang.<\/p>\n<p>Syftet med den svenska versionen av den internationella konstveckan formulerades i fem punkter som man skulle kunna sammanfatta med att man ville skapa uppm\u00e4rksamhet f\u00f6r bildkonsten i hela landet, inspirera organisationer, kommuner m fl att arrangera egna evenemang under Konstens Vecka, samt att visa nya former av konst under nya och intressev\u00e4ckande former. Konstens Vecka var allts\u00e5 en vecka fylld med debatter, f\u00f6redrag, studiebes\u00f6k, utst\u00e4llningar och andra konstevenemang.<\/p>\n<p>Konstens Vecka var ett samarbete mellan Riksf\u00f6rbundet Sveriges Konstf\u00f6reningar, Konstn\u00e4rscentrum, Konstfr\u00e4mjandet, Konstn\u00e4rernas Riksorganisation (KRO) och Riksutst\u00e4llningar som administrerade det hela. Kulturr\u00e5det st\u00f6dde Konstens Vecka med ekonomiska medel och Kommunf\u00f6rbundet fungerade som r\u00e5dgivare.<\/p>\n<p>Konstens Vecka upph\u00f6rde officiellt i slutet av 90-talet, men har levt kvar runt om i landet ute bland konstf\u00f6reningarna som har fortsatt att arrangera olika konstevenemang under vecka 40. 2006 tog Riksf\u00f6rbundet Sveriges Konstf\u00f6reningar d\u00e4rf\u00f6r initiativet att \u00e5teruppv\u00e4cka Konstens Vecka f\u00f6r att uppm\u00e4rksamma det arbete och den konst som visas bland Sveriges alla konstf\u00f6reningar.<\/p>\n<h2>L\u00e4s mer:<\/h2>\n<p><a href=\"http:\/\/konstensvecka.se\/wp-content\/uploads\/2023\/03\/konsthelaveckan.pdf\" target=\"_blank\" rel=\"noopener\">&#8221;Konst hela veckan&#8221; av Mathias Jansson i Konstperspektiv 4.2022<\/a> (PDF)<\/p>\n<p><a href=\"http:\/\/www.konstensvecka.se\/historik.pdf\" target=\"_blank\" rel=\"noopener noreferrer\">&#8221;Konstens Vecka 1985&#8221; av Britt Ahlstr\u00f6m i Konstperspektiv 2.1985 <\/a> (PDF)<\/p>\n","protected":false},"excerpt":{"rendered":"<p>Om Konstens Vecka Konstens Vecka \u00e4r en riksomfattande konsth\u00e4ndelse som \u00e4ger rum vecka 40 varje \u00e5r. Det \u00e4r en vecka d\u00e5 Riksf\u00f6rbundet Sveriges Konstf\u00f6reningar skapar extra uppm\u00e4rksamhet kring konsten i hela landet och inspirerar konstf\u00f6reningar och andra akt\u00f6rer till att presentera konst i nya och intressev\u00e4ckande former. Tillsammans har vi f\u00f6rm\u00e5gan att sprida kunskap och engagemang f\u00f6r konst till en bred publik. # &#8211; tagga oss Du hittar Konstens Vecka under taggen #konstensvecka Historik och bakgrundsfakta Konstens Vecka arrangerades f\u00f6r f\u00f6rsta g\u00e5ngen 1985 i Sverige. Som f\u00f6rlaga anv\u00e4nde man den internationella konstveckan som hade startat n\u00e5gra \u00e5r tidigare av UNESCO-organisationen IAA (International Association of Art). Man ville med den internationella konstveckan rikta uppm\u00e4rksamheten p\u00e5 bildkonsten runt om i v\u00e4rlden men \u00e4ven hj\u00e4lpa konstn\u00e4rer som levde i\u00a0 t ex totalit\u00e4ra stater och ge dem en m\u00f6jlighet att visa upp sin konst i olika sammanhang. Syftet med den svenska versionen av den&hellip;<\/p>\n<p> <a class=\"more-link\" href=\"https:\/\/konstensvecka.se\/\">L\u00e4s mer<\/a><\/p>\n","protected":false},"author":1,"featured_media":0,"parent":0,"menu_order":1,"comment_status":"closed","ping_status":"closed","template":"","meta":{"footnotes":""},"class_list":["post-6","page","type-page","status-publish"],"_links":{"self":[{"href":"https:\/\/konstensvecka.se\/index.php?rest_route=\/wp\/v2\/pages\/6","targetHints":{"allow":["GET"]}}],"collection":[{"href":"https:\/\/konstensvecka.se\/index.php?rest_route=\/wp\/v2\/pages"}],"about":[{"href":"https:\/\/konstensvecka.se\/index.php?rest_route=\/wp\/v2\/types\/page"}],"author":[{"embeddable":true,"href":"https:\/\/konstensvecka.se\/index.php?rest_route=\/wp\/v2\/users\/1"}],"replies":[{"embeddable":true,"href":"https:\/\/konstensvecka.se\/index.php?rest_route=%2Fwp%2Fv2%2Fcomments&post=6"}],"version-history":[{"count":74,"href":"https:\/\/konstensvecka.se\/index.php?rest_route=\/wp\/v2\/pages\/6\/revisions"}],"predecessor-version":[{"id":1312,"href":"https:\/\/konstensvecka.se\/index.php?rest_route=\/wp\/v2\/pages\/6\/revisions\/1312"}],"wp:attachment":[{"href":"https:\/\/konstensvecka.se\/index.php?rest_route=%2Fwp%2Fv2%2Fmedia&parent=6"}],"curies":[{"name":"wp","href":"https:\/\/api.w.org\/{rel}","templated":true}]}}

<h2>Om Konstens Vecka</h2>
<p><strong>Konstens Vecka är en riksomfattande konsthändelse som äger rum vecka 40 varje år. Det är en vecka då Riksförbundet Sveriges Konstföreningar skapar extra uppmärksamhet kring konsten i hela landet och inspirerar konstföreningar och andra aktörer till att presentera konst i nya och intresseväckande former. Tillsammans har vi förmågan att sprida kunskap och engagemang för konst till en bred publik.</strong></p>
<h2># &#8211; tagga oss</h2>
<p>Du hittar Konstens Vecka under taggen #konstensvecka</p>
<h2>Historik och bakgrundsfakta</h2>
<p><a href="http://konstensvecka.se/wp-content/uploads/2022/09/kvcollage.png"><img loading="lazy" decoding="async" class="wp-image-1055 alignright" src="http://konstensvecka.se/wp-content/uploads/2022/09/kvcollage.png" alt="" width="678" height="446" srcset="https://konstensvecka.se/wp-content/uploads/2022/09/kvcollage.png 825w, https://konstensvecka.se/wp-content/uploads/2022/09/kvcollage-300x197.png 300w, https://konstensvecka.se/wp-content/uploads/2022/09/kvcollage-768x505.png 768w" sizes="auto, (max-width: 678px) 100vw, 678px" /></a>Konstens Vecka arrangerades för första gången 1985 i Sverige. Som förlaga använde man den internationella konstveckan som hade startat några år tidigare av UNESCO-organisationen IAA (International Association of Art). Man ville med den internationella konstveckan rikta uppmärksamheten på bildkonsten runt om i världen men även hjälpa konstnärer som levde i  t ex totalitära stater och ge dem en möjlighet att visa upp sin konst i olika sammanhang.</p>
<p>Syftet med den svenska versionen av den internationella konstveckan formulerades i fem punkter som man skulle kunna sammanfatta med att man ville skapa uppmärksamhet för bildkonsten i hela landet, inspirera organisationer, kommuner m fl att arrangera egna evenemang under Konstens Vecka, samt att visa nya former av konst under nya och intresseväckande former. Konstens Vecka var alltså en vecka fylld med debatter, föredrag, studiebesök, utställningar och andra konstevenemang.</p>
<p>Konstens Vecka var ett samarbete mellan Riksförbundet Sveriges Konstföreningar, Konstnärscentrum, Konstfrämjandet, Konstnärernas Riksorganisation (KRO) och Riksutställningar som administrerade det hela. Kulturrådet stödde Konstens Vecka med ekonomiska medel och Kommunförbundet fungerade som rådgivare.</p>
<p>Konstens Vecka upphörde officiellt i slutet av 90-talet, men har levt kvar runt om i landet ute bland konstföreningarna som har fortsatt att arrangera olika konstevenemang under vecka 40. 2006 tog Riksförbundet Sveriges Konstföreningar därför initiativet att återuppväcka Konstens Vecka för att uppmärksamma det arbete och den konst som visas bland Sveriges alla konstföreningar.</p>
<h2>Läs mer:</h2>
<p><a href="http://konstensvecka.se/wp-content/uploads/2023/03/konsthelaveckan.pdf" target="_blank" rel="noopener">&#8221;Konst hela veckan&#8221; av Mathias Jansson i Konstperspektiv 4.2022</a> (PDF)</p>
<p><a href="http://www.konstensvecka.se/historik.pdf" target="_blank" rel="noopener noreferrer">&#8221;Konstens Vecka 1985&#8221; av Britt Ahlström i Konstperspektiv 2.1985 </a> (PDF)</p>

<p>Om Konstens Vecka Konstens Vecka är en riksomfattande konsthändelse som äger rum vecka 40 varje år. Det är en vecka då Riksförbundet Sveriges Konstföreningar skapar extra uppmärksamhet kring konsten i hela landet och inspirerar konstföreningar och andra aktörer till att presentera konst i nya och intresseväckande former. Tillsammans har vi förmågan att sprida kunskap och engagemang för konst till en bred publik. # &#8211; tagga oss Du hittar Konstens Vecka under taggen #konstensvecka Historik och bakgrundsfakta Konstens Vecka arrangerades för första gången 1985 i Sverige. Som förlaga använde man den internationella konstveckan som hade startat några år tidigare av UNESCO-organisationen IAA (International Association of Art). Man ville med den internationella konstveckan rikta uppmärksamheten på bildkonsten runt om i världen men även hjälpa konstnärer som levde i  t ex totalitära stater och ge dem en möjlighet att visa upp sin konst i olika sammanhang. Syftet med den svenska versionen av den&hellip;</p>
<p> <a class="more-link" href="https://konstensvecka.se/">Läs mer</a></p>
