{"id":275,"date":"2013-09-05T07:55:32","date_gmt":"2013-09-05T05:55:32","guid":{"rendered":"http:\/\/konstensvecka.se\/?page_id=275"},"modified":"2022-09-02T10:42:33","modified_gmt":"2022-09-02T08:42:33","slug":"affischer","status":"publish","type":"page","link":"https:\/\/konstensvecka.se\/?page_id=275","title":{"rendered":"Affisch &#038; logga"},"content":{"rendered":"<h2>Konstens Veckas affisch och logotyp<\/h2>\n<p>Logotypen f\u00f6r Konstens Vecka (som \u00e4r skapad av Lisa R\u00f6man) kan du anv\u00e4nda f\u00f6r att skapa din egen affisch, trycksak eller hemsida.<\/p>\n<p><strong>Logotyp<\/strong><\/p>\n<p><a href=\"http:\/\/konstensvecka.se\/wp-content\/uploads\/2013\/09\/loggakv1.jpg\"><img loading=\"lazy\" decoding=\"async\" class=\"alignleft size-medium wp-image-486\" src=\"http:\/\/konstensvecka.se\/wp-content\/uploads\/2013\/09\/loggakv1-300x248.jpg\" alt=\"Logotypen med randig-bakgrund.\" width=\"300\" height=\"248\" srcset=\"https:\/\/konstensvecka.se\/wp-content\/uploads\/2013\/09\/loggakv1-300x248.jpg 300w, https:\/\/konstensvecka.se\/wp-content\/uploads\/2013\/09\/loggakv1-1024x849.jpg 1024w, https:\/\/konstensvecka.se\/wp-content\/uploads\/2013\/09\/loggakv1.jpg 1055w\" sizes=\"auto, (max-width: 300px) 100vw, 300px\" \/><\/a><\/p>\n<p>&nbsp;<\/p>\n<p>&nbsp;<\/p>\n<p>&nbsp;<\/p>\n<p>&nbsp;<\/p>\n<p>&nbsp;<\/p>\n<p>&nbsp;<\/p>\n<p><strong>Facebook 1200&#215;630<\/strong><\/p>\n<p><a href=\"http:\/\/konstensvecka.se\/wp-content\/uploads\/2022\/09\/KV-Facebook1200x630.png\"><img loading=\"lazy\" decoding=\"async\" class=\"alignleft size-medium wp-image-1052\" src=\"http:\/\/konstensvecka.se\/wp-content\/uploads\/2022\/09\/KV-Facebook1200x630-300x158.png\" alt=\"\" width=\"300\" height=\"158\" srcset=\"https:\/\/konstensvecka.se\/wp-content\/uploads\/2022\/09\/KV-Facebook1200x630-300x158.png 300w, https:\/\/konstensvecka.se\/wp-content\/uploads\/2022\/09\/KV-Facebook1200x630-1024x538.png 1024w, https:\/\/konstensvecka.se\/wp-content\/uploads\/2022\/09\/KV-Facebook1200x630-768x403.png 768w, https:\/\/konstensvecka.se\/wp-content\/uploads\/2022\/09\/KV-Facebook1200x630.png 1200w\" sizes=\"auto, (max-width: 300px) 100vw, 300px\" \/><\/a><\/p>\n<p>&nbsp;<\/p>\n<p>&nbsp;<\/p>\n<p>&nbsp;<\/p>\n<p>&nbsp;<\/p>\n<p><strong>Instagram 1080&#215;1080<\/strong><\/p>\n<p><a href=\"http:\/\/konstensvecka.se\/wp-content\/uploads\/2022\/09\/KV-Instagram1080x1080.png\"><img loading=\"lazy\" decoding=\"async\" class=\"alignleft size-medium wp-image-1053\" src=\"http:\/\/konstensvecka.se\/wp-content\/uploads\/2022\/09\/KV-Instagram1080x1080-300x300.png\" alt=\"\" width=\"300\" height=\"300\" srcset=\"https:\/\/konstensvecka.se\/wp-content\/uploads\/2022\/09\/KV-Instagram1080x1080-300x300.png 300w, https:\/\/konstensvecka.se\/wp-content\/uploads\/2022\/09\/KV-Instagram1080x1080-1024x1024.png 1024w, https:\/\/konstensvecka.se\/wp-content\/uploads\/2022\/09\/KV-Instagram1080x1080-150x150.png 150w, https:\/\/konstensvecka.se\/wp-content\/uploads\/2022\/09\/KV-Instagram1080x1080-768x768.png 768w, https:\/\/konstensvecka.se\/wp-content\/uploads\/2022\/09\/KV-Instagram1080x1080.png 1080w\" sizes=\"auto, (max-width: 300px) 100vw, 300px\" \/><\/a><\/p>\n<p>&nbsp;<\/p>\n<p>&nbsp;<\/p>\n<p>&nbsp;<\/p>\n<p>&nbsp;<\/p>\n<p>&nbsp;<\/p>\n<p>&nbsp;<\/p>\n<p>&nbsp;<\/p>\n<p><strong>Logotyp alternativ 2 gul<\/strong><\/p>\n<p><a href=\"http:\/\/konstensvecka.se\/wp-content\/uploads\/2013\/09\/logotyp_orange_vit.jpg\"><img loading=\"lazy\" decoding=\"async\" class=\"alignleft size-medium wp-image-680\" src=\"http:\/\/konstensvecka.se\/wp-content\/uploads\/2013\/09\/logotyp_orange_vit-137x300.jpg\" alt=\"Konstens Vecka logotype orange-vit\" width=\"137\" height=\"300\" srcset=\"https:\/\/konstensvecka.se\/wp-content\/uploads\/2013\/09\/logotyp_orange_vit-137x300.jpg 137w, https:\/\/konstensvecka.se\/wp-content\/uploads\/2013\/09\/logotyp_orange_vit-768x1678.jpg 768w, https:\/\/konstensvecka.se\/wp-content\/uploads\/2013\/09\/logotyp_orange_vit-469x1024.jpg 469w, https:\/\/konstensvecka.se\/wp-content\/uploads\/2013\/09\/logotyp_orange_vit.jpg 1003w\" sizes=\"auto, (max-width: 137px) 100vw, 137px\" \/><\/a><\/p>\n","protected":false},"excerpt":{"rendered":"<p>Konstens Veckas affisch och logotyp Logotypen f\u00f6r Konstens Vecka (som \u00e4r skapad av Lisa R\u00f6man) kan du anv\u00e4nda f\u00f6r att skapa din egen affisch, trycksak eller hemsida. Logotyp &nbsp; &nbsp; &nbsp; &nbsp; &nbsp; &nbsp; Facebook 1200&#215;630 &nbsp; &nbsp; &nbsp; &nbsp; Instagram 1080&#215;1080 &nbsp; &nbsp; &nbsp; &nbsp; &nbsp; &nbsp; &nbsp; Logotyp alternativ 2 gul<\/p>\n","protected":false},"author":1,"featured_media":0,"parent":0,"menu_order":0,"comment_status":"closed","ping_status":"closed","template":"","meta":{"footnotes":""},"class_list":["post-275","page","type-page","status-publish"],"_links":{"self":[{"href":"https:\/\/konstensvecka.se\/index.php?rest_route=\/wp\/v2\/pages\/275","targetHints":{"allow":["GET"]}}],"collection":[{"href":"https:\/\/konstensvecka.se\/index.php?rest_route=\/wp\/v2\/pages"}],"about":[{"href":"https:\/\/konstensvecka.se\/index.php?rest_route=\/wp\/v2\/types\/page"}],"author":[{"embeddable":true,"href":"https:\/\/konstensvecka.se\/index.php?rest_route=\/wp\/v2\/users\/1"}],"replies":[{"embeddable":true,"href":"https:\/\/konstensvecka.se\/index.php?rest_route=%2Fwp%2Fv2%2Fcomments&post=275"}],"version-history":[{"count":34,"href":"https:\/\/konstensvecka.se\/index.php?rest_route=\/wp\/v2\/pages\/275\/revisions"}],"predecessor-version":[{"id":1054,"href":"https:\/\/konstensvecka.se\/index.php?rest_route=\/wp\/v2\/pages\/275\/revisions\/1054"}],"wp:attachment":[{"href":"https:\/\/konstensvecka.se\/index.php?rest_route=%2Fwp%2Fv2%2Fmedia&parent=275"}],"curies":[{"name":"wp","href":"https:\/\/api.w.org\/{rel}","templated":true}]}}