{"id":465,"date":"2014-09-08T08:48:15","date_gmt":"2014-09-08T06:48:15","guid":{"rendered":"http:\/\/konstensvecka.se\/?page_id=465"},"modified":"2016-06-29T22:15:55","modified_gmt":"2016-06-29T20:15:55","slug":"politik-och-makt","status":"publish","type":"page","link":"http:\/\/konstensvecka.se\/?page_id=465","title":{"rendered":"Politik, makt, solidaritet och j\u00e4mlikhet"},"content":{"rendered":"<h2><\/h2>\n<p><strong>Arrang\u00f6r<\/strong>: Anette Spjutsvik, Sveriges Konstf\u00f6reningar och\u00a0Dellenkultur Delsbo<\/p>\n<p><strong>Konstn\u00e4rer<\/strong>: Sofia Rapp Johansson, Bie Erenurm, Bergsteinn Asbj\u00f6rnsson och Anette Spjutsvik<\/p>\n<p><strong>Utst\u00e4llningsplatser och tid:<\/strong><\/p>\n<p>31 augusti \u2013 13 september. G\u00e4vle konstcentrum \/ Silvanum G\u00e4vle<\/p>\n<p>20 september \u2013 30 september. Ljusdalsbygdens museum, Ljusdal<\/p>\n<p>4 oktober \u2013 18 oktober. Galleri Tingshuset, Delsbo<\/p>\n<p><strong>Vernissage p\u00e5 samtliga platser kl. 14:00<\/strong><\/p>\n<p>I v\u00e5rt konstprojekt har fyra konstn\u00e4rer funderat kring makt och politik utifr\u00e5n egna erfarenheter, reflektioner och intressen. Varje konstn\u00e4r beskriver i ord sitt verk.<\/p>\n<h2><strong>Sofia Rapp Johansson \u2013 KUK\u2074\u00a0<\/strong><\/h2>\n<p>N\u00e4r jag funderar \u00f6ver hur v\u00e4rlden ser ut sl\u00e5r det mig\u00a0g\u00e5ng p\u00e5 g\u00e5ng att hur\u00a0vi \u00e4n vrider oss \u00e4r det m\u00e4nnen som sitter p\u00e5 makten\u00a0&#8211; vi knopar ihop lagar\u00a0och stadgar som ska g\u00f6ra samh\u00e4llet mer j\u00e4mst\u00e4llt, l\u00e5ta kvinnor f\u00e5 plats, ta plats och s\u00e5 vidare men i slut\u00e4ndan s\u00e5 \u00e4r det mannen som styr. Bakom varje framg\u00e5ngsrik kvinna st\u00e5r en man men byxorna vid fotkn\u00f6larna och v\u00e4ldigt tillfredsst\u00e4lld blick.<\/p>\n<p>Vi kvinnor kommer ingenstans om vi inte stryker karlarna medh\u00e5rs, b\u00f6jer p\u00e5 nacken\u00a0eller helt enkelt styr dom med v\u00e5ra kroppar &#8211; \u2026 det \u00e4r d\u00e4rf\u00f6r jorden \u00e4r d\u00f6md till underg\u00e5ng. Jag tror att om det varit tv\u00e4rtom: att &#8221;kvinnans lag&#8221; fick r\u00e5da hade jorden varit det paradiset vi m\u00e4nniskor l\u00e4ngtar efter&#8230;<\/p>\n<figure id=\"attachment_466\" aria-describedby=\"caption-attachment-466\" style=\"width: 285px\" class=\"wp-caption aligncenter\"><a href=\"http:\/\/konstensvecka.se\/wp-content\/uploads\/2014\/09\/Sofia-Rapp-Johansson.jpg\"><img loading=\"lazy\" decoding=\"async\" class=\"wp-image-466 size-full\" src=\"http:\/\/konstensvecka.se\/wp-content\/uploads\/2014\/09\/Sofia-Rapp-Johansson.jpg\" alt=\"Sofia Rapp Johansson \u2013 KUK\u2074 \" width=\"285\" height=\"380\" srcset=\"http:\/\/konstensvecka.se\/wp-content\/uploads\/2014\/09\/Sofia-Rapp-Johansson.jpg 285w, http:\/\/konstensvecka.se\/wp-content\/uploads\/2014\/09\/Sofia-Rapp-Johansson-225x300.jpg 225w\" sizes=\"auto, (max-width: 285px) 100vw, 285px\" \/><\/a><figcaption id=\"caption-attachment-466\" class=\"wp-caption-text\">Sofia Rapp Johansson \u2013 KUK\u2074<\/figcaption><\/figure>\n<h2 style=\"text-align: left;\"><\/h2>\n<h2 style=\"text-align: left;\"><strong>Bergsteinn Asbj\u00f6rnsson \u2013 Tr\u00e5dar p\u00e5 en gren<\/strong><\/h2>\n<p>Politikerna kommer fr\u00e5n sina ideologier och n\u00e4r de hamnar i riksdagen och f\u00e5r makt s\u00e5 b\u00f6rjar de ta intryck av varandra. De l\u00e5nar och tar \u00f6ver varandras \u00e5sikter. De blir mer en egen grupp &#8221;riksdagspolitiker&#8221; d\u00e4r viljan att beh\u00e5lla makten \u00e4r st\u00f6rre \u00e4n den ursprungliga politiska ideologin.<\/p>\n<p>I verket. Ju l\u00e4ngre tid de \u00e4r tillsammans desto mer insn\u00e4rjda blir de i varandra och den egna ideologin bleknar med tiden.<\/p>\n<figure id=\"attachment_467\" aria-describedby=\"caption-attachment-467\" style=\"width: 397px\" class=\"wp-caption aligncenter\"><a href=\"http:\/\/konstensvecka.se\/wp-content\/uploads\/2014\/09\/tradar-pa-en-gren.jpg\"><img loading=\"lazy\" decoding=\"async\" class=\"size-full wp-image-467\" src=\"http:\/\/konstensvecka.se\/wp-content\/uploads\/2014\/09\/tradar-pa-en-gren.jpg\" alt=\"Bergsteinn Asbj\u00f6rnsson \u2013 Tr\u00e5dar p\u00e5 en gren\" width=\"397\" height=\"264\" srcset=\"http:\/\/konstensvecka.se\/wp-content\/uploads\/2014\/09\/tradar-pa-en-gren.jpg 397w, http:\/\/konstensvecka.se\/wp-content\/uploads\/2014\/09\/tradar-pa-en-gren-300x199.jpg 300w\" sizes=\"auto, (max-width: 397px) 100vw, 397px\" \/><\/a><figcaption id=\"caption-attachment-467\" class=\"wp-caption-text\">Bergsteinn Asbj\u00f6rnsson \u2013 Tr\u00e5dar p\u00e5 en gren<\/figcaption><\/figure>\n<p>&nbsp;<\/p>\n<h2><strong>Anette Spjutsvik \u2013 Ideologier och makt<\/strong><\/h2>\n<p>Id\u00e9: Bergsteinn Asbj\u00f6rnsson och Anette Spjutsvik. Konstn\u00e4r Anette Spjutsvik.<\/p>\n<p>Jag vill beskriva hur gr\u00e4nsen f\u00f6rflyttas \u00f6ver tid n\u00e4r det g\u00e4ller solidaritet och j\u00e4mlikhet d\u00e5 man som ideolog hamnar i maktposition.<\/p>\n<figure id=\"attachment_468\" aria-describedby=\"caption-attachment-468\" style=\"width: 358px\" class=\"wp-caption aligncenter\"><a href=\"http:\/\/konstensvecka.se\/wp-content\/uploads\/2014\/09\/spjutsvik.jpg\"><img loading=\"lazy\" decoding=\"async\" class=\"size-full wp-image-468\" src=\"http:\/\/konstensvecka.se\/wp-content\/uploads\/2014\/09\/spjutsvik.jpg\" alt=\"Inf\u00e4rgning av ideologier, Anette Spjutsvik \" width=\"358\" height=\"268\" srcset=\"http:\/\/konstensvecka.se\/wp-content\/uploads\/2014\/09\/spjutsvik.jpg 358w, http:\/\/konstensvecka.se\/wp-content\/uploads\/2014\/09\/spjutsvik-300x224.jpg 300w\" sizes=\"auto, (max-width: 358px) 100vw, 358px\" \/><\/a><figcaption id=\"caption-attachment-468\" class=\"wp-caption-text\">Inf\u00e4rgning av ideologier, Anette Spjutsvik<\/figcaption><\/figure>\n<h2><\/h2>\n<h2><strong>Bie Erenurm \u2013 Kanarief\u00e5geln<\/strong><\/h2>\n<p>El st\u00f6ter genom mig<\/p>\n<p>AJ av tr\u00e5dl\u00f6s el<\/p>\n<p>Kanarief\u00e5geln sjunger vilt i mitt hj\u00e4rta<\/p>\n<p>\u201dBort, bort fr\u00e5n jorden<\/p>\n<p>som har blivit till din bur\u201d<\/p>\n<p>Elsmog: mikrov\u00e5gor, pulserande elektromagnetism<\/p>\n<p>AJ AJ AJ AJ-Phone<\/p>\n<p>Jag f\u00e5r en st\u00f6t<\/p>\n<p>AJ-Phone<\/p>\n<p>AJ AJ AJ- Phone<\/p>\n<p><a href=\"http:\/\/kanariefagelnsjunger.org\/\" target=\"_blank\">www.kanariefagelnsjunger.org<\/a><\/p>\n<p>***<\/p>\n<p><strong>AJ-phones<\/strong><\/p>\n<p>AJ-Phones. Mobil\/dataf\u00f6retag sk\u00e4r ister med hj\u00e4lp av lobby-ister, i en gemensam konspiration samtidigt som sk \u201dvanligt folk\u201d undanh\u00e5lls obehagliga sanningar. AJ AJ AJ-Phones. (Inte bara) jag k\u00e4nner i kroppen vad som sker av elsmogen: mikrov\u00e5gor, pulserande elektromagnetism. AJ AJ sl\u00e5 mig inte med din AJ-Phone. Det g\u00e5r st\u00f6tar igenom mig, AJ AJ AJ-Phone. 3G, 4G, 5G \u2013 de h\u00f6jer str\u00e5lningsniv\u00e5n och mobilindustrin sitter vid spakarna.<\/p>\n<p>Satir, humor. Video. Ord. F\u00e4rg. Kanarief\u00e5geln sjunger.<\/p>\n<p>Kan DU sova? Huvudv\u00e4rk? Fladdrande hj\u00e4rta? G\u00f6r n\u00e5got! G\u00f6r konst! Skicka till:\u00a0 <a href=\"http:\/\/kanariefagelnsjunger.org\/\" target=\"_blank\">www.kanariefagelnsjunger.org<\/a><\/p>\n<p><strong>Tre filmer:<\/strong> En mystisk karakt\u00e4r kallad &#8221;Jaan&#8221; spelad av John-Erik Leth blir uppringd av en ung aktivist. En serie videodramer som lyfter fram en v\u00e4rldsomsp\u00e4nnande och nedtystad milj\u00f6katastrof; mikrov\u00e5gsstr\u00e5lningen. Med humoristisk udd. Serien \u00e4r ett work in progress och f\u00f6ljs av fler filmer. Samt:\u00a0En affischkampanj mot mikrov\u00e5gsstr\u00e5lning. Installationer.<\/p>\n<figure id=\"attachment_469\" aria-describedby=\"caption-attachment-469\" style=\"width: 391px\" class=\"wp-caption aligncenter\"><a href=\"http:\/\/konstensvecka.se\/wp-content\/uploads\/2014\/09\/bie.jpg\"><img loading=\"lazy\" decoding=\"async\" class=\"wp-image-469 size-full\" src=\"http:\/\/konstensvecka.se\/wp-content\/uploads\/2014\/09\/bie.jpg\" alt=\"Fast telefoni - telefoni utan mikrov\u00e5gstr\u00e5lning. Gestaltad av sk\u00e5despelare John-Erik Leth i samarbete med Bie Erenurm.\" width=\"391\" height=\"260\" srcset=\"http:\/\/konstensvecka.se\/wp-content\/uploads\/2014\/09\/bie.jpg 391w, http:\/\/konstensvecka.se\/wp-content\/uploads\/2014\/09\/bie-300x199.jpg 300w\" sizes=\"auto, (max-width: 391px) 100vw, 391px\" \/><\/a><figcaption id=\"caption-attachment-469\" class=\"wp-caption-text\">Fast telefoni &#8211; telefoni utan mikrov\u00e5gstr\u00e5lning. Gestaltad av sk\u00e5despelare John-Erik Leth i samarbete med Bie Erenurm.<\/figcaption><\/figure>\n<figure id=\"attachment_470\" aria-describedby=\"caption-attachment-470\" style=\"width: 270px\" class=\"wp-caption aligncenter\"><a href=\"http:\/\/konstensvecka.se\/wp-content\/uploads\/2014\/09\/bie2.jpg\"><img loading=\"lazy\" decoding=\"async\" class=\"size-full wp-image-470\" src=\"http:\/\/konstensvecka.se\/wp-content\/uploads\/2014\/09\/bie2.jpg\" alt=\"Kanarief\u00e5geln. Bie Erenurm\" width=\"270\" height=\"397\" srcset=\"http:\/\/konstensvecka.se\/wp-content\/uploads\/2014\/09\/bie2.jpg 270w, http:\/\/konstensvecka.se\/wp-content\/uploads\/2014\/09\/bie2-204x300.jpg 204w\" sizes=\"auto, (max-width: 270px) 100vw, 270px\" \/><\/a><figcaption id=\"caption-attachment-470\" class=\"wp-caption-text\">Kanarief\u00e5geln. Bie Erenurm<\/figcaption><\/figure>\n<p>&nbsp;<\/p>\n<figure id=\"attachment_471\" aria-describedby=\"caption-attachment-471\" style=\"width: 277px\" class=\"wp-caption aligncenter\"><a href=\"http:\/\/konstensvecka.se\/wp-content\/uploads\/2014\/09\/bie3.jpg\"><img loading=\"lazy\" decoding=\"async\" class=\"size-full wp-image-471\" src=\"http:\/\/konstensvecka.se\/wp-content\/uploads\/2014\/09\/bie3.jpg\" alt=\"Kanarief\u00e5geln. Bie Erenurm\" width=\"277\" height=\"398\" srcset=\"http:\/\/konstensvecka.se\/wp-content\/uploads\/2014\/09\/bie3.jpg 277w, http:\/\/konstensvecka.se\/wp-content\/uploads\/2014\/09\/bie3-208x300.jpg 208w\" sizes=\"auto, (max-width: 277px) 100vw, 277px\" \/><\/a><figcaption id=\"caption-attachment-471\" class=\"wp-caption-text\">Kanarief\u00e5geln. Bie Erenurm<\/figcaption><\/figure>\n","protected":false},"excerpt":{"rendered":"<p>Arrang\u00f6r: Anette Spjutsvik, Sveriges Konstf\u00f6reningar och\u00a0Dellenkultur Delsbo Konstn\u00e4rer: Sofia Rapp Johansson, Bie Erenurm, Bergsteinn Asbj\u00f6rnsson och Anette Spjutsvik Utst\u00e4llningsplatser och tid: 31 augusti \u2013 13 september. G\u00e4vle konstcentrum \/ Silvanum G\u00e4vle 20 september \u2013 30 september. Ljusdalsbygdens museum, Ljusdal 4 oktober \u2013 18 oktober. Galleri Tingshuset, Delsbo Vernissage p\u00e5 samtliga platser kl. 14:00 I v\u00e5rt konstprojekt har fyra konstn\u00e4rer funderat kring makt och politik utifr\u00e5n egna erfarenheter, reflektioner och intressen. Varje konstn\u00e4r beskriver i ord sitt verk. Sofia Rapp Johansson \u2013 KUK\u2074\u00a0 N\u00e4r jag funderar \u00f6ver hur v\u00e4rlden ser ut sl\u00e5r det mig\u00a0g\u00e5ng p\u00e5 g\u00e5ng att hur\u00a0vi \u00e4n vrider oss \u00e4r det m\u00e4nnen som sitter p\u00e5 makten\u00a0&#8211; vi knopar ihop lagar\u00a0och stadgar som ska g\u00f6ra samh\u00e4llet mer j\u00e4mst\u00e4llt, l\u00e5ta kvinnor f\u00e5 plats, ta plats och s\u00e5 vidare men i slut\u00e4ndan s\u00e5 \u00e4r det mannen som styr. Bakom varje framg\u00e5ngsrik kvinna st\u00e5r en man men byxorna vid fotkn\u00f6larna och v\u00e4ldigt tillfredsst\u00e4lld&hellip;<\/p>\n<p> <a class=\"more-link\" href=\"http:\/\/konstensvecka.se\/?page_id=465\">L\u00e4s mer<\/a><\/p>\n","protected":false},"author":1,"featured_media":0,"parent":372,"menu_order":0,"comment_status":"closed","ping_status":"open","template":"","meta":{"footnotes":""},"class_list":["post-465","page","type-page","status-publish"],"_links":{"self":[{"href":"http:\/\/konstensvecka.se\/index.php?rest_route=\/wp\/v2\/pages\/465","targetHints":{"allow":["GET"]}}],"collection":[{"href":"http:\/\/konstensvecka.se\/index.php?rest_route=\/wp\/v2\/pages"}],"about":[{"href":"http:\/\/konstensvecka.se\/index.php?rest_route=\/wp\/v2\/types\/page"}],"author":[{"embeddable":true,"href":"http:\/\/konstensvecka.se\/index.php?rest_route=\/wp\/v2\/users\/1"}],"replies":[{"embeddable":true,"href":"http:\/\/konstensvecka.se\/index.php?rest_route=%2Fwp%2Fv2%2Fcomments&post=465"}],"version-history":[{"count":9,"href":"http:\/\/konstensvecka.se\/index.php?rest_route=\/wp\/v2\/pages\/465\/revisions"}],"predecessor-version":[{"id":493,"href":"http:\/\/konstensvecka.se\/index.php?rest_route=\/wp\/v2\/pages\/465\/revisions\/493"}],"up":[{"embeddable":true,"href":"http:\/\/konstensvecka.se\/index.php?rest_route=\/wp\/v2\/pages\/372"}],"wp:attachment":[{"href":"http:\/\/konstensvecka.se\/index.php?rest_route=%2Fwp%2Fv2%2Fmedia&parent=465"}],"curies":[{"name":"wp","href":"https:\/\/api.w.org\/{rel}","templated":true}]}}