{"id":217,"date":"2013-08-14T07:12:34","date_gmt":"2013-08-14T06:12:34","guid":{"rendered":"http:\/\/www.konstensvecka.se\/blogg\/?page_id=217"},"modified":"2016-07-01T13:46:44","modified_gmt":"2016-07-01T11:46:44","slug":"konst-moter-konst","status":"publish","type":"page","link":"http:\/\/konstensvecka.se\/?page_id=217","title":{"rendered":"Tema 2013 &#8211; Konst m\u00f6ter Konst"},"content":{"rendered":"<p style=\"margin: 0px 0px 1em; padding: 0px; outline: none 0px; color: #6f6060; font-family: verdana, free-sans, sans-serif; font-size: 15px; line-height: 22px;\"><em><strong>Under 2013 kn\u00f6t vi an till v\u00e5rt konstbildningstema f\u00f6r \u00e5r 2013\u00a0Konst och arkitektur i det offentliga rummet, genom att satsa \u00f6kat p\u00e5 marknadsf\u00f6ring och producera de tillh\u00f6rande projekten\u00a0Konstkartan\u00a0och\u00a0Konst m\u00f6ter Konst.\u00a0Konstens Vecka,\u00a0Konstkartan och Konst m\u00f6ter Konst\u00a0\u00e4r kopplade till samma tema och presenteras under samma tidsperiod. Flera av konstvandringarna i\u00a0Konstens Vecka kalendarium\u00a0g\u00e5r att koppla till den mobila hemsidan\u00a0Konstkartan. I\u00a0Konst m\u00f6ter Konst\u00a0har de deltagande konstn\u00e4rerna utg\u00e5tt fr\u00e5n var sitt verk ur\u00a0Konstkartan\u00a0n\u00e4r de har skapat nya tillf\u00e4lliga konstprojekt som presenteras under\u00a0Konstens Vecka.\u00a0Detta tillsammans hoppas vi skapar en r\u00f6d tr\u00e5d och ett intressant sammanhang.<\/strong><\/em><\/p>\n<p style=\"text-align: center;\">***<\/p>\n<p><strong>Konstens Vecka 2013<\/strong> \u00c5rets konstbildningstema \u00e4r Konst och arkitektur i offentliga rummet vilket \u00e4ven avspeglar sig i Konstens vecka. <a href=\"http:\/\/konstensvecka.se\/wp-content\/uploads\/2010\/03\/Konstens_vecka_A4_2.pdf\" target=\"_blank\">Program f\u00f6r Konstens Vecka 2013 (PDF h\u00f6guppl\u00f6st 10 MB)<\/a> <a href=\"http:\/\/konstensvecka.se\/wp-content\/uploads\/2010\/03\/Konstens_vecka_program_hela_lag1.pdf\" target=\"_blank\">Program f\u00f6r Konstens Vecka 2013 (PDF l\u00e5guppl\u00f6st 670 Kb)<\/a><\/p>\n<p style=\"text-align: center;\">***<\/p>\n<p><strong>Konst m\u00f6ter konst<\/strong> <em>Konst m\u00f6ter Konst<\/em>\u00a0\u00e4r ett tillf\u00e4lligt konstprojekt som knyter an till den permanenta konst som finns i v\u00e5rt stadsrum. Emma Philipson, Klas Eriksson, Linda Tedsdotter, Kristina M\u00fcntzing och Kalle Brolin har bjudits in till att v\u00e4lja var sitt permanent konstverk ur den mobila hemsidan\u00a0<em>Konstkartan<\/em>\u00a0(l\u00e4s mer under\u00a0<em>Konstkartan<\/em>) och har skapat tolkningar, repliker eller inventioner med utg\u00e5ng i dessa konstverk. Konstverken som har valts ut \u00e4r\u00a0<em>Boll<\/em>\u00a0av Berit Lindfeldt, en graffitim\u00e5lning av Carolina Falkholt,\u00a0<em>V\u00e4tternrundan<\/em>\u00a0av Irene Nordh och\u00a0<em>I\u00a0skuggan av ett\u00a0moln<\/em>\u00a0av Charlotte \u00d6berg.\u00a0 Resultatet av projektet \u00e4r fyra olika performativa konsth\u00e4ndelser som presenteras under\u00a0<em>Konstens Vecka<\/em>\u00a0p\u00e5 de fyra platserna d\u00e4r de permanenta konstverken st\u00e5r; i Motala, S\u00f6derk\u00f6ping, Alings\u00e5s och G\u00f6teborg. Projektet \u00e4r ett samarbete mellan konstf\u00f6reningar, distrikt och riksorganisationen Sveriges Konstf\u00f6reningar.<\/p>\n<p style=\"margin: 0px 0px 1em; padding: 0px; outline: none 0px; color: #6f6060; font-family: verdana, free-sans, sans-serif; font-size: 15px; line-height: 22px; text-align: center;\">***<\/p>\n<h2><strong>V\u00e4lkommen till G\u00f6teborg<\/strong> <strong>och arrangemanget KONST M\u00d6TER KONST<\/strong><\/h2>\n<p>Sveriges Konstf\u00f6reningar i samarbete med G\u00f6teborgsdistriktet<\/p>\n<p>Performance av Emma Philipson<\/p>\n<p>&nbsp;<\/p>\n<p><a href=\"http:\/\/konstensvecka.se\/wp-content\/uploads\/2013\/08\/evy_EP.jpg\"><img loading=\"lazy\" decoding=\"async\" class=\"aligncenter size-full wp-image-284\" src=\"http:\/\/konstensvecka.se\/wp-content\/uploads\/2013\/08\/evy_EP.jpg\" alt=\"\" width=\"400\" height=\"263\" srcset=\"http:\/\/konstensvecka.se\/wp-content\/uploads\/2013\/08\/evy_EP.jpg 400w, http:\/\/konstensvecka.se\/wp-content\/uploads\/2013\/08\/evy_EP-300x197.jpg 300w\" sizes=\"auto, (max-width: 400px) 100vw, 400px\" \/><\/a><\/p>\n<p>Konst m\u00f6ter Konst \u00e4r ett tillf\u00e4lligt konstprojekt som knyter an till den permanenta konsten som finns i v\u00e5rt stadsrum. Fem konstn\u00e4rer har bjudits in till att v\u00e4lja var sitt offentligt konstverk och har skapat tolkningar, repliker eller inventioner till dessa. Resultatet \u00e4r en serie av performativa konsth\u00e4ndelser, performances, film och ljud, som presenteras under Konstens Vecka p\u00e5 de platser d\u00e4r de valda konstverken finns.<\/p>\n<p>Emma Philipson, som \u00e4r en av konstn\u00e4rerna, har valt verket Boll av Berit Lindfeldt. Emmas stora fascination och arbetsmaterial \u00e4r det som oftast betraktas som ytligt och banalt. Med en skarp blick f\u00f6r detaljer och ett genuint intresse tar hon sig an ber\u00e4ttelser om k\u00e4ndisars liv, klich\u00e9er och kitsch i veckotidningsjournalistik. Hon skapar n\u00e5got universellt och v\u00e4lkomnade av s\u00e5dant vi annars f\u00f6rh\u00e5ller oss till med distans.<\/p>\n<p>Performancet kompletteras av ett konstn\u00e4rssamtal p\u00e5 R\u00f6da Sten Konsthall.<\/p>\n<p>Verket \u00e4r en del av konstprojektet Konst m\u00f6ter Konst och presenteras inom det rikst\u00e4ckande arrangemanget Konstens Vecka, v 40.<\/p>\n<p>Performance: 29\/9 kl 12-15, p\u00e5 \u00c4lvsborgsplan i G\u00f6teborg, i n\u00e4rheten av verket Boll av Berit Lindfeldt.<\/p>\n<p>Konstn\u00e4rssamtal: 29\/9 kl 16-17.30 i Loungen p\u00e5 R\u00f6da sten Konsthall.<\/p>\n<p>Samtalet leds av Emelie Storm, konstpedagog p\u00e5 R\u00f6da Sten och projektledare f\u00f6r GIBCA Extended. G\u00e4st: Berit Lindfeldt, konstn\u00e4r.<\/p>\n<p style=\"text-align: center;\"><span style=\"color: #6f6060; font-family: verdana, free-sans, sans-serif; font-size: 15px; line-height: 22px;\">***<\/span><\/p>\n<h2><strong>V\u00e4lkommen till Alings\u00e5s<\/strong> <strong>och arrangemanget KONST M\u00d6TER KONST<\/strong><\/h2>\n<p>Colors Colors Colors<\/p>\n<p>Performance och Artist Talk under Konstens Vecka<\/p>\n<p>Torsdag 3 oktober kl 17 vid J\u00e4rnv\u00e4gsgatan 13<\/p>\n<p>&nbsp;<\/p>\n<p><a href=\"http:\/\/konstensvecka.se\/wp-content\/uploads\/2013\/08\/klaseriksson.jpg\"><img loading=\"lazy\" decoding=\"async\" class=\"aligncenter size-full wp-image-287\" src=\"http:\/\/konstensvecka.se\/wp-content\/uploads\/2013\/08\/klaseriksson.jpg\" alt=\"klaseriksson\" width=\"315\" height=\"214\" srcset=\"http:\/\/konstensvecka.se\/wp-content\/uploads\/2013\/08\/klaseriksson.jpg 315w, http:\/\/konstensvecka.se\/wp-content\/uploads\/2013\/08\/klaseriksson-300x203.jpg 300w\" sizes=\"auto, (max-width: 315px) 100vw, 315px\" \/><\/a><\/p>\n<p>Konstn\u00e4ren Klas Eriksson\u00a0genomf\u00f6r en kollektiv performance tillsammans med deltagare p\u00e5 plats och samspelar med\u00a0en graffitiv\u00e4gg &#8211; ett offentligt konstverk av Carolina Falkholt.<\/p>\n<p>Id\u00e9n \u00e4r att f\u00f6rs\u00f6ka skapa en tredimensionell upplevelse av det existerande konstverket genom att applicera olikf\u00e4rgad r\u00f6k i samma f\u00e4rger som m\u00e5lningen.<\/p>\n<p>Artist Talk kl 18 Alings\u00e5s konsthall<\/p>\n<p>Inledning av konstn\u00e4ren\u00a0Peter Uhr och visning av p\u00e5g\u00e5ende utst\u00e4llning Passagerna.<\/p>\n<p>Klas Eriksson ber\u00e4ttar om sitt konstn\u00e4rskap och i ett samtal\u00a0med Peter Uhr om performance-akten: Colors, Colors, Colors.<\/p>\n<p>Samarrangemang: Riksf\u00f6rbundet Sveriges konstf\u00f6reningar, Sveriges konstf\u00f6reningar distrikt \u00c4lvsborg, Alings\u00e5s konstf\u00f6rening, konstklubben Alla Prima och Alings\u00e5s konsthall.<\/p>\n<p style=\"text-align: center;\"><span style=\"color: #6f6060; font-family: verdana, free-sans, sans-serif; font-size: 15px; line-height: 22px;\">***<\/span><\/p>\n<h2><strong>V\u00e4lkommen till Motala och arrangemanget KONST M\u00d6TER KONST<\/strong><\/h2>\n<p>Ett samarbetsprojekt mellan Riksf\u00f6rbundet Sveriges Konstf\u00f6reningar, Sveriges Konstf\u00f6reningar \u00d6sterg\u00f6tland, Motala konsthall, Motala konstf\u00f6rening och Motala tidning.<\/p>\n<p>Plats: Repslagaregatan 1,vid konstverket V\u00e4tternrundan, Motala.<\/p>\n<p>Datum: l\u00f6rdagen den 28 september 2013, kl. 14.00.<\/p>\n<p><a href=\"http:\/\/konstensvecka.se\/wp-content\/uploads\/2013\/08\/vattern.jpg\"><img loading=\"lazy\" decoding=\"async\" class=\"aligncenter size-full wp-image-286\" src=\"http:\/\/konstensvecka.se\/wp-content\/uploads\/2013\/08\/vattern.jpg\" alt=\"vattern\" width=\"262\" height=\"164\" \/><\/a><\/p>\n<p>Konstn\u00e4ren Linda Tedsdotter har inspirerats av skulpturen V\u00e4tternrundan av Ir\u00e9ne Nordh och skapat ett nytt tillf\u00e4lligt konstverk!<\/p>\n<p>14.00 Sveriges Konstf\u00f6reningar \u00d6sterg\u00f6tland h\u00e4lsar v\u00e4lkommen.<\/p>\n<p>14.05 Samtal mellan konstn\u00e4ren Linda Tedsdotter, konstintendenten i Motala kommun Madeleine Gunnarsson och publiken om Konst i det offentliga rummet. Samtalsledare Christer F\u00e4llman, f.d. konst-och kulturchef i Link\u00f6pings kommun.<\/p>\n<p>15.00 Presentation av vad som h\u00e4nde (det nya tillf\u00e4lliga konstverket) n\u00e4r En norsk, en dansk, en tysk och en Bellman skulle cykla V\u00e4ttern runt men g\u00e5r p\u00e5 djupet med nyttan med konsten<\/p>\n<p>16.00 ca Avslutning Motala konstf\u00f6rening.<\/p>\n<p style=\"text-align: center;\"><span style=\"color: #6f6060; font-family: verdana, free-sans, sans-serif; font-size: 15px; line-height: 22px;\">***<\/span><\/p>\n<h2>V\u00e4lkommen till S\u00f6derk\u00f6ping och arrangemanget KONST M\u00d6TER KONST<\/h2>\n<p>Ett samarbetsprojekt mellan Riksf\u00f6rbundet Sveriges Konstf\u00f6reningar, Sveriges Konstf\u00f6reningar \u00d6sterg\u00f6tland och S\u00f6derk\u00f6pings konstf\u00f6rening.<\/p>\n<p>Plats: Stinsen vid resecentrum (busstationen invid genomfarten), S\u00f6derk\u00f6ping.<\/p>\n<p>Datum: s\u00f6ndagen den 29 september 2013, kl. 17.30.<\/p>\n<p><a href=\"http:\/\/konstensvecka.se\/wp-content\/uploads\/2013\/08\/socialist.jpg\"><img loading=\"lazy\" decoding=\"async\" class=\"aligncenter size-full wp-image-285\" src=\"http:\/\/konstensvecka.se\/wp-content\/uploads\/2013\/08\/socialist.jpg\" alt=\"socialist\" width=\"193\" height=\"254\" \/><\/a><\/p>\n<p>Konstn\u00e4rerna Kristina M\u00fcntzing och Kalle Brolin har inspirerats av skulpturen I skuggan av ett moln av Charlotte \u00d6berg Bakos och skapat ett nytt tillf\u00e4lligt konstverk!<\/p>\n<p>17.30 Sveriges Konstf\u00f6reningar \u00d6sterg\u00f6tland h\u00e4lsar v\u00e4lkommen.<\/p>\n<p>17.35 Samtal mellan konstn\u00e4rerna Kristina M\u00fcntzing, Kalle Brolin, kulturchefen i S\u00f6derk\u00f6ping Christina Nilsson och publiken om Konst i offentliga rummet.\u00a0 Samtalsledare konstintendenten vid \u00d6sterg\u00f6tlands museum, Stefan Hammenbeck.<\/p>\n<p>18.30 Visning av det nya tillf\u00e4lliga konstverket, en film fr\u00e5n Sunshine socialist cinema.<\/p>\n<p>19.30 ca Avslutning S\u00f6derk\u00f6pings konstf\u00f6rening.<\/p>\n","protected":false},"excerpt":{"rendered":"<p>Under 2013 kn\u00f6t vi an till v\u00e5rt konstbildningstema f\u00f6r \u00e5r 2013\u00a0Konst och arkitektur i det offentliga rummet, genom att satsa \u00f6kat p\u00e5 marknadsf\u00f6ring och producera de tillh\u00f6rande projekten\u00a0Konstkartan\u00a0och\u00a0Konst m\u00f6ter Konst.\u00a0Konstens Vecka,\u00a0Konstkartan och Konst m\u00f6ter Konst\u00a0\u00e4r kopplade till samma tema och presenteras under samma tidsperiod. Flera av konstvandringarna i\u00a0Konstens Vecka kalendarium\u00a0g\u00e5r att koppla till den mobila hemsidan\u00a0Konstkartan. I\u00a0Konst m\u00f6ter Konst\u00a0har de deltagande konstn\u00e4rerna utg\u00e5tt fr\u00e5n var sitt verk ur\u00a0Konstkartan\u00a0n\u00e4r de har skapat nya tillf\u00e4lliga konstprojekt som presenteras under\u00a0Konstens Vecka.\u00a0Detta tillsammans hoppas vi skapar en r\u00f6d tr\u00e5d och ett intressant sammanhang. *** Konstens Vecka 2013 \u00c5rets konstbildningstema \u00e4r Konst och arkitektur i offentliga rummet vilket \u00e4ven avspeglar sig i Konstens vecka. Program f\u00f6r Konstens Vecka 2013 (PDF h\u00f6guppl\u00f6st 10 MB) Program f\u00f6r Konstens Vecka 2013 (PDF l\u00e5guppl\u00f6st 670 Kb) *** Konst m\u00f6ter konst Konst m\u00f6ter Konst\u00a0\u00e4r ett tillf\u00e4lligt konstprojekt som knyter an till den permanenta konst som finns i v\u00e5rt stadsrum. Emma&hellip;<\/p>\n<p> <a class=\"more-link\" href=\"http:\/\/konstensvecka.se\/?page_id=217\">L\u00e4s mer<\/a><\/p>\n","protected":false},"author":1,"featured_media":0,"parent":640,"menu_order":0,"comment_status":"closed","ping_status":"open","template":"","meta":{"footnotes":""},"class_list":["post-217","page","type-page","status-publish"],"_links":{"self":[{"href":"http:\/\/konstensvecka.se\/index.php?rest_route=\/wp\/v2\/pages\/217","targetHints":{"allow":["GET"]}}],"collection":[{"href":"http:\/\/konstensvecka.se\/index.php?rest_route=\/wp\/v2\/pages"}],"about":[{"href":"http:\/\/konstensvecka.se\/index.php?rest_route=\/wp\/v2\/types\/page"}],"author":[{"embeddable":true,"href":"http:\/\/konstensvecka.se\/index.php?rest_route=\/wp\/v2\/users\/1"}],"replies":[{"embeddable":true,"href":"http:\/\/konstensvecka.se\/index.php?rest_route=%2Fwp%2Fv2%2Fcomments&post=217"}],"version-history":[{"count":7,"href":"http:\/\/konstensvecka.se\/index.php?rest_route=\/wp\/v2\/pages\/217\/revisions"}],"predecessor-version":[{"id":702,"href":"http:\/\/konstensvecka.se\/index.php?rest_route=\/wp\/v2\/pages\/217\/revisions\/702"}],"up":[{"embeddable":true,"href":"http:\/\/konstensvecka.se\/index.php?rest_route=\/wp\/v2\/pages\/640"}],"wp:attachment":[{"href":"http:\/\/konstensvecka.se\/index.php?rest_route=%2Fwp%2Fv2%2Fmedia&parent=217"}],"curies":[{"name":"wp","href":"https:\/\/api.w.org\/{rel}","templated":true}]}}